{"id":3,"date":"2024-07-02T09:33:06","date_gmt":"2024-07-02T09:33:06","guid":{"rendered":"https:\/\/studiopizzolato.com\/?page_id=3"},"modified":"2024-07-30T09:24:24","modified_gmt":"2024-07-30T09:24:24","slug":"privacy-policy","status":"publish","type":"page","link":"https:\/\/studiopizzolato.com\/index.php\/privacy-policy\/","title":{"rendered":"Privacy Policy"},"content":{"rendered":"\t\t<div data-elementor-type=\"wp-page\" data-elementor-id=\"3\" class=\"elementor elementor-3\" data-elementor-post-type=\"page\">\n\t\t\t\t<div class=\"elementor-element elementor-element-3b643449 e-flex e-con-boxed e-con e-parent\" data-id=\"3b643449\" data-element_type=\"container\">\n\t\t\t\t\t<div class=\"e-con-inner\">\n\t\t\t\t<div class=\"elementor-element elementor-element-59e8edfd elementor-widget elementor-widget-text-editor\" data-id=\"59e8edfd\" data-element_type=\"widget\" data-widget_type=\"text-editor.default\">\n\t\t\t\t<div class=\"elementor-widget-container\">\n\t\t\t<style>\/*! elementor - v3.23.0 - 05-08-2024 *\/\n.elementor-widget-text-editor.elementor-drop-cap-view-stacked .elementor-drop-cap{background-color:#69727d;color:#fff}.elementor-widget-text-editor.elementor-drop-cap-view-framed .elementor-drop-cap{color:#69727d;border:3px solid;background-color:transparent}.elementor-widget-text-editor:not(.elementor-drop-cap-view-default) .elementor-drop-cap{margin-top:8px}.elementor-widget-text-editor:not(.elementor-drop-cap-view-default) .elementor-drop-cap-letter{width:1em;height:1em}.elementor-widget-text-editor .elementor-drop-cap{float:left;text-align:center;line-height:1;font-size:50px}.elementor-widget-text-editor .elementor-drop-cap-letter{display:inline-block}<\/style>\t\t\t\t<!-- wp:heading -->\n<h2 class=\"wp-block-heading\">Informativa ai sensi dell\u2019art. 13 del Regolamento europeo 679\/2016<\/h2>\n<p><br \/>Ai sensi dell\u2019art. 13 del Regolamento europeo (UE) 2016\/679 (di seguito GDPR), e in relazione ai dati personali di cui la societ\u00e0 entrer\u00e0 nella disponibilit\u00e0 con l\u2019espletamento dell\u2019incarico, Le comunichiamo quanto segue:<\/p>\n<h3 class=\"wp-block-heading\">Titolare del trattamento e responsabile della protezione dei dati personali<\/h3>\n<p>Titolare del trattamento \u00e8\u00a0<strong>TIZIANO PIZZOLATO<\/strong> (P.IVA: 05161400261), con sede Via S. Gaetano, 173\/B1, 31044 Montebelluna TV Il Titolare pu\u00f2 essere contattato all\u2019indirizzo e-mail: info@studiopizzolato.com<br \/>Il Titolare del trattamento ha nominato pi\u00f9 incaricati del trattamento e pi\u00f9 responsabili del trattamento per coadiuvare il titolare, il cui nominativo verr\u00e0 comunicato a richiesta. La societ\u00e0 non ha nominato un responsabile della protezione dei dati personali, non ravvisandosi i presupposti.<\/p>\n<p><strong>Finalit\u00e0 del trattamento dei dati<\/strong><\/p>\n<p>Il trattamento \u00e8 finalizzato alla corretta esecuzione dell\u2019incarico affidato. I suoi dati saranno trattati anche al fine di:<\/p>\n<ul>\n<li>eseguire le prestazioni dettagliate nel contratto sottoscritto tra le parti;<\/li>\n<li>adempiere agli obblighi previsti in ambito amministrativo, fiscale e contabile;<\/li>\n<li>rispettare gli obblighi incombenti sulla societ\u00e0 e previsti dalla normativa vigente.<br \/>I dati personali potranno essere trattati a mezzo, sia di archivi cartacei, che informatici (ivi compresi dispositivi portatili) e trattati con modalit\u00e0 strettamente necessarie a far fronte alle finalit\u00e0 sopra indicate.<\/li>\n<\/ul>\n<p><strong>Base giuridica del trattamento<\/strong><\/p>\n<p>La societ\u00e0 tratta i Suoi dati personali lecitamente, laddove il trattamento sia necessario all\u2019esecuzione dell\u2019incarico affidato, sulla base di un contratto sottoscritto tra le parti, ovvero per adempiere un obbligo legale nonch\u00e8, laddove sia basato sul consenso espresso, per tutte le finalit\u00e0 ulteriori.<\/p>\n<p><strong>Conseguenze della mancata comunicazione dei dati personali<\/strong><\/p>\n<p>Con riguardo ai dati personali relativi all\u2019esecuzione del conferimento incarico di cui Lei \u00e8 parte o relativi all\u2019adempimento ad un obbligo normativo (ad esempio gli adempimenti legati alla tenuta delle scritture contabili e fiscali), la mancata comunicazione dei dati personali impedisce il perfezionarsi del rapporto contrattuale stesso.<\/p>\n<p><strong>Conservazione dei dati<\/strong><\/p>\n<p>I Suoi dati personali, oggetto di trattamento per le finalit\u00e0 sopra indicate, saranno conservati per il periodo di durata della prestazione richiesta e, successivamente, per il tempo in cui permangano obblighi di conservazione per finalit\u00e0 fiscali o per altre finalit\u00e0, previsti da norme di legge o regolamento. Il titolare del trattamento non trasferisce i dati personali in paesi terzi o a organizzazioni internazionali. Tuttavia, si riserva la possibilit\u00e0 di utilizzare servizi in cloud, nel qual caso, i fornitori saranno selezionati tra coloro dotati di garanzie adeguate, ex art. 46 Reg.UE 679\/2016.<\/p>\n<p><strong>Comunicazione dei dati<\/strong><\/p>\n<p>I Suoi dati personali potranno essere comunicati a:<\/p>\n<ol>\n<li>consulenti e commercialisti o legali per adempimenti contabili\/fiscali o tutela dei diritti contrattuali (es. il commercialista e il consulente del lavoro, responsabili del trattamento);<\/li>\n<li>istituti bancari che eroghino prestazioni funzionali a pagamenti, incassi, rimborsi connessi alla prestazione contrattuale;<\/li>\n<li>soggetti che elaborano i dati in esecuzione di specifici obblighi di legge o per contratto (es. dipendenti e collaboratori, incaricati del trattamento);<\/li>\n<li>Autorit\u00e0 giudiziarie o amministrative, per l\u2019adempimento degli obblighi di legge.<\/li>\n<\/ol>\n<p><strong>Violazione dei dati personali (Data Breach)<\/strong><\/p>\n<p>Il Titolare del trattamento si impegna a comunicare senza ritardo dall\u2019avvenuta rilevazione, ogni violazione (la perdita, la diffusione o compromissione) dei dati personali raccolti. Tale comunicazione avverr\u00e0 in primo luogo all\u2019autorit\u00e0 garante competente, e sussistendo le condizioni di cui all\u2019art. 34, anche ai diretti interessati.<\/p>\n<p><strong>Profilazione e Diffusione dei dati<\/strong><\/p>\n<p>I Suoi dati personali non sono soggetti a diffusione, n\u00e9 ad alcun processo decisionale interamente automatizzato, ivi compresa la profilazione, salvo il rilascio di espresso e specifico consenso scritto.<\/p>\n<p><strong>Diritti dell\u2019interessato<\/strong><\/p>\n<p>Tra i diritti a Lei riconosciuti dal GDPR rientrano quelli di:<\/p>\n<ul>\n<li>chiedere l\u2019accesso ai Suoi dati personali ed alle informazioni relative agli stessi; la rettifica dei dati inesatti o l\u2019integrazione di quelli incompleti; la cancellazione dei dati personali che La riguardano (al verificarsi di una delle condizioni indicate nell\u2019art. 17, paragrafo 1 del GDPR e nel rispetto delle eccezioni previste nel paragrafo 3 dello stesso articolo); la limitazione del trattamento dei Suoi dati personali (al ricorrere di una delle ipotesi indicate nell\u2019art. 18, paragrafo 1 del GDPR);<\/li>\n<li>richiedere ed ottenere \u2013 nelle ipotesi in cui la base giuridica del trattamento sia il contratto o il consenso, e lo stesso sia effettuato con mezzi automatizzati \u2013 i Suoi dati personali in un formato strutturato e leggibile da dispositivo automatico, anche al fine di comunicare tali dati ad un altro titolare del trattamento (c.d. diritto alla portabilit\u00e0 dei dati personali);<\/li>\n<li>opporsi in qualsiasi momento al trattamento dei Suoi dati personali;<\/li>\n<li>revocare il consenso in qualsiasi momento, limitatamente alle ipotesi in cui il trattamento sia basato sul Suo consenso per una o pi\u00f9 specifiche finalit\u00e0 e riguardi dati personali comuni (ad esempio data e luogo di nascita o luogo di residenza), oppure particolari categorie di dati (ad esempio dati che rivelano la Sua origine razziale, le Sue opinioni politiche, le Sue convinzioni religiose, lo stato di salute o la vita sessuale). Il trattamento basato sul consenso ed effettuato antecedentemente alla revoca dello stesso conserva, comunque, la sua liceit\u00e0;<\/li>\n<li>proporre reclamo ad un\u2019autorit\u00e0 di controllo, qualora ritenga che il trattamento che La riguarda violi la disciplina in materia di protezione dei dati personali (Autorit\u00e0 Garante per la protezione dei dati personali \u2013 protocollo@pec.gpdp.it).<\/li>\n<\/ul>\n<!-- \/wp:paragraph -->\n<p>\u00a0<\/p>\t\t\t\t\t\t<\/div>\n\t\t\t\t<\/div>\n\t\t\t\t\t<\/div>\n\t\t\t\t<\/div>\n\t\t\t\t<\/div>\n\t\t","protected":false},"excerpt":{"rendered":"<p>Informativa ai sensi dell\u2019art. 13 del Regolamento europeo 679\/2016 Ai sensi dell\u2019art. 13 del Regolamento europeo (UE) 2016\/679 (di seguito GDPR), e in relazione ai dati personali di cui la societ\u00e0 entrer\u00e0 nella disponibilit\u00e0 con l\u2019espletamento dell\u2019incarico, Le comunichiamo quanto segue: Titolare del trattamento e responsabile della protezione dei dati personali Titolare del trattamento \u00e8\u00a0TIZIANO [&hellip;]<\/p>\n","protected":false},"author":1,"featured_media":0,"parent":0,"menu_order":0,"comment_status":"closed","ping_status":"closed","template":"","meta":{"footnotes":""},"class_list":["post-3","page","type-page","status-publish","hentry"],"yoast_head":"<!-- This site is optimized with the Yoast SEO plugin v23.3 - https:\/\/yoast.com\/wordpress\/plugins\/seo\/ -->\n<title>Privacy Policy - Studio Odontoiatrico Dottor Pizzolato<\/title>\n<meta name=\"robots\" content=\"index, follow, max-snippet:-1, max-image-preview:large, max-video-preview:-1\" \/>\n<link rel=\"canonical\" href=\"https:\/\/studiopizzolato.com\/index.php\/privacy-policy\/\" \/>\n<meta property=\"og:locale\" content=\"it_IT\" \/>\n<meta property=\"og:type\" content=\"article\" \/>\n<meta property=\"og:title\" content=\"Privacy Policy - Studio Odontoiatrico Dottor Pizzolato\" \/>\n<meta property=\"og:description\" content=\"Informativa ai sensi dell\u2019art. 13 del Regolamento europeo 679\/2016 Ai sensi dell\u2019art. 13 del Regolamento europeo (UE) 2016\/679 (di seguito GDPR), e in relazione ai dati personali di cui la societ\u00e0 entrer\u00e0 nella disponibilit\u00e0 con l\u2019espletamento dell\u2019incarico, Le comunichiamo quanto segue: Titolare del trattamento e responsabile della protezione dei dati personali Titolare del trattamento \u00e8\u00a0TIZIANO [&hellip;]\" \/>\n<meta property=\"og:url\" content=\"https:\/\/studiopizzolato.com\/index.php\/privacy-policy\/\" \/>\n<meta property=\"og:site_name\" content=\"Studio Odontoiatrico Dottor Pizzolato\" \/>\n<meta property=\"article:modified_time\" content=\"2024-07-30T09:24:24+00:00\" \/>\n<meta name=\"twitter:card\" content=\"summary_large_image\" \/>\n<meta name=\"twitter:label1\" content=\"Tempo di lettura stimato\" \/>\n\t<meta name=\"twitter:data1\" content=\"4 minuti\" \/>\n<script type=\"application\/ld+json\" class=\"yoast-schema-graph\">{\"@context\":\"https:\/\/schema.org\",\"@graph\":[{\"@type\":\"WebPage\",\"@id\":\"https:\/\/studiopizzolato.com\/index.php\/privacy-policy\/\",\"url\":\"https:\/\/studiopizzolato.com\/index.php\/privacy-policy\/\",\"name\":\"Privacy Policy - Studio Odontoiatrico Dottor Pizzolato\",\"isPartOf\":{\"@id\":\"https:\/\/studiopizzolato.com\/#website\"},\"datePublished\":\"2024-07-02T09:33:06+00:00\",\"dateModified\":\"2024-07-30T09:24:24+00:00\",\"breadcrumb\":{\"@id\":\"https:\/\/studiopizzolato.com\/index.php\/privacy-policy\/#breadcrumb\"},\"inLanguage\":\"it-IT\",\"potentialAction\":[{\"@type\":\"ReadAction\",\"target\":[\"https:\/\/studiopizzolato.com\/index.php\/privacy-policy\/\"]}]},{\"@type\":\"BreadcrumbList\",\"@id\":\"https:\/\/studiopizzolato.com\/index.php\/privacy-policy\/#breadcrumb\",\"itemListElement\":[{\"@type\":\"ListItem\",\"position\":1,\"name\":\"Home\",\"item\":\"https:\/\/studiopizzolato.com\/\"},{\"@type\":\"ListItem\",\"position\":2,\"name\":\"Privacy Policy\"}]},{\"@type\":\"WebSite\",\"@id\":\"https:\/\/studiopizzolato.com\/#website\",\"url\":\"https:\/\/studiopizzolato.com\/\",\"name\":\"Studio Odontoiatrico Dottor Pizzolato | Montebelluna - Treviso\",\"description\":\"Studio Dentistico Dottor Pizzolato\",\"publisher\":{\"@id\":\"https:\/\/studiopizzolato.com\/#organization\"},\"potentialAction\":[{\"@type\":\"SearchAction\",\"target\":{\"@type\":\"EntryPoint\",\"urlTemplate\":\"https:\/\/studiopizzolato.com\/?s={search_term_string}\"},\"query-input\":\"required name=search_term_string\"}],\"inLanguage\":\"it-IT\"},{\"@type\":\"Organization\",\"@id\":\"https:\/\/studiopizzolato.com\/#organization\",\"name\":\"Studio Odontoiatrico Dottor Pizzolato | Montebelluna - Treviso\",\"url\":\"https:\/\/studiopizzolato.com\/\",\"logo\":{\"@type\":\"ImageObject\",\"inLanguage\":\"it-IT\",\"@id\":\"https:\/\/studiopizzolato.com\/#\/schema\/logo\/image\/\",\"url\":\"https:\/\/studiopizzolato.com\/wp-content\/uploads\/2024\/07\/LOGO_STUDIO_PIZZOLATO-BLUE-1.png\",\"contentUrl\":\"https:\/\/studiopizzolato.com\/wp-content\/uploads\/2024\/07\/LOGO_STUDIO_PIZZOLATO-BLUE-1.png\",\"width\":934,\"height\":214,\"caption\":\"Studio Odontoiatrico Dottor Pizzolato | Montebelluna - Treviso\"},\"image\":{\"@id\":\"https:\/\/studiopizzolato.com\/#\/schema\/logo\/image\/\"}}]}<\/script>\n<!-- \/ Yoast SEO plugin. -->","yoast_head_json":{"title":"Privacy Policy - Studio Odontoiatrico Dottor Pizzolato","robots":{"index":"index","follow":"follow","max-snippet":"max-snippet:-1","max-image-preview":"max-image-preview:large","max-video-preview":"max-video-preview:-1"},"canonical":"https:\/\/studiopizzolato.com\/index.php\/privacy-policy\/","og_locale":"it_IT","og_type":"article","og_title":"Privacy Policy - Studio Odontoiatrico Dottor Pizzolato","og_description":"Informativa ai sensi dell\u2019art. 13 del Regolamento europeo 679\/2016 Ai sensi dell\u2019art. 13 del Regolamento europeo (UE) 2016\/679 (di seguito GDPR), e in relazione ai dati personali di cui la societ\u00e0 entrer\u00e0 nella disponibilit\u00e0 con l\u2019espletamento dell\u2019incarico, Le comunichiamo quanto segue: Titolare del trattamento e responsabile della protezione dei dati personali Titolare del trattamento \u00e8\u00a0TIZIANO [&hellip;]","og_url":"https:\/\/studiopizzolato.com\/index.php\/privacy-policy\/","og_site_name":"Studio Odontoiatrico Dottor Pizzolato","article_modified_time":"2024-07-30T09:24:24+00:00","twitter_card":"summary_large_image","twitter_misc":{"Tempo di lettura stimato":"4 minuti"},"schema":{"@context":"https:\/\/schema.org","@graph":[{"@type":"WebPage","@id":"https:\/\/studiopizzolato.com\/index.php\/privacy-policy\/","url":"https:\/\/studiopizzolato.com\/index.php\/privacy-policy\/","name":"Privacy Policy - Studio Odontoiatrico Dottor Pizzolato","isPartOf":{"@id":"https:\/\/studiopizzolato.com\/#website"},"datePublished":"2024-07-02T09:33:06+00:00","dateModified":"2024-07-30T09:24:24+00:00","breadcrumb":{"@id":"https:\/\/studiopizzolato.com\/index.php\/privacy-policy\/#breadcrumb"},"inLanguage":"it-IT","potentialAction":[{"@type":"ReadAction","target":["https:\/\/studiopizzolato.com\/index.php\/privacy-policy\/"]}]},{"@type":"BreadcrumbList","@id":"https:\/\/studiopizzolato.com\/index.php\/privacy-policy\/#breadcrumb","itemListElement":[{"@type":"ListItem","position":1,"name":"Home","item":"https:\/\/studiopizzolato.com\/"},{"@type":"ListItem","position":2,"name":"Privacy Policy"}]},{"@type":"WebSite","@id":"https:\/\/studiopizzolato.com\/#website","url":"https:\/\/studiopizzolato.com\/","name":"Studio Odontoiatrico Dottor Pizzolato | Montebelluna - Treviso","description":"Studio Dentistico Dottor Pizzolato","publisher":{"@id":"https:\/\/studiopizzolato.com\/#organization"},"potentialAction":[{"@type":"SearchAction","target":{"@type":"EntryPoint","urlTemplate":"https:\/\/studiopizzolato.com\/?s={search_term_string}"},"query-input":"required name=search_term_string"}],"inLanguage":"it-IT"},{"@type":"Organization","@id":"https:\/\/studiopizzolato.com\/#organization","name":"Studio Odontoiatrico Dottor Pizzolato | Montebelluna - Treviso","url":"https:\/\/studiopizzolato.com\/","logo":{"@type":"ImageObject","inLanguage":"it-IT","@id":"https:\/\/studiopizzolato.com\/#\/schema\/logo\/image\/","url":"https:\/\/studiopizzolato.com\/wp-content\/uploads\/2024\/07\/LOGO_STUDIO_PIZZOLATO-BLUE-1.png","contentUrl":"https:\/\/studiopizzolato.com\/wp-content\/uploads\/2024\/07\/LOGO_STUDIO_PIZZOLATO-BLUE-1.png","width":934,"height":214,"caption":"Studio Odontoiatrico Dottor Pizzolato | Montebelluna - Treviso"},"image":{"@id":"https:\/\/studiopizzolato.com\/#\/schema\/logo\/image\/"}}]}},"_links":{"self":[{"href":"https:\/\/studiopizzolato.com\/index.php\/wp-json\/wp\/v2\/pages\/3","targetHints":{"allow":["GET"]}}],"collection":[{"href":"https:\/\/studiopizzolato.com\/index.php\/wp-json\/wp\/v2\/pages"}],"about":[{"href":"https:\/\/studiopizzolato.com\/index.php\/wp-json\/wp\/v2\/types\/page"}],"author":[{"embeddable":true,"href":"https:\/\/studiopizzolato.com\/index.php\/wp-json\/wp\/v2\/users\/1"}],"replies":[{"embeddable":true,"href":"https:\/\/studiopizzolato.com\/index.php\/wp-json\/wp\/v2\/comments?post=3"}],"version-history":[{"count":6,"href":"https:\/\/studiopizzolato.com\/index.php\/wp-json\/wp\/v2\/pages\/3\/revisions"}],"predecessor-version":[{"id":389,"href":"https:\/\/studiopizzolato.com\/index.php\/wp-json\/wp\/v2\/pages\/3\/revisions\/389"}],"wp:attachment":[{"href":"https:\/\/studiopizzolato.com\/index.php\/wp-json\/wp\/v2\/media?parent=3"}],"curies":[{"name":"wp","href":"https:\/\/api.w.org\/{rel}","templated":true}]}}